{"id":6642,"date":"2026-01-15T10:24:36","date_gmt":"2026-01-15T09:24:36","guid":{"rendered":"https:\/\/www.brunohirout.biz\/?page_id=6642"},"modified":"2026-01-15T10:28:44","modified_gmt":"2026-01-15T09:28:44","slug":"petition-pour-linterdiction-du-parti-communiste","status":"publish","type":"page","link":"https:\/\/www.brunohirout.biz\/index.php\/petition-pour-linterdiction-du-parti-communiste\/","title":{"rendered":"P\u00e9tition pour l&rsquo;interdiction du Parti communiste"},"content":{"rendered":"\n<p>Une p\u00e9tition \u00e0 signer ici : <a href=\"https:\/\/c.org\/jgvryLrffQ\" target=\"_blank\" rel=\"noreferrer noopener\">https:\/\/c.org\/jgvryLrffQ<\/a><\/p>\n\n\n\n<p><strong>Voici le texte de pr\u00e9sentation de la p\u00e9tition :<\/strong><\/p>\n\n\n\n<p><em>\u00ab Monsieur Fayssat s&rsquo;est permis de dire que le communisme avait fait 100 millions de morts. Revoyez votre bilan \u00e0 la hausse, \u00e7a pourrait augmenter bient\u00f4t. \u00bb<\/em><\/p>\n\n\n\n<p>C\u2019est par cet aveu et cette menace que s\u2019est illustr\u00e9 le d\u00e9put\u00e9 communiste Nicolas Sansu, le 31 octobre dernier, au sein de l\u2019Assembl\u00e9e nationale.<\/p>\n\n\n\n<p>Au-del\u00e0 des l\u00e9gitimes r\u00e9actions soulev\u00e9es par cette apologie et cette menace de crimes de masse, il convient de prendre acte de ce qu\u2019a rappel\u00e9 le parlementaire du Parti communiste fran\u00e7ais (PCF) dans l\u2019h\u00e9micycle : l\u2019extermination des opposants politiques est l\u2019essence m\u00eame de l\u2019id\u00e9ologie communiste.<\/p>\n\n\n\n<p>En effet, le communisme est l\u2019id\u00e9ologie la plus sanguinaire que la terre ait jamais port\u00e9e. En moins d\u2019un si\u00e8cle, de l\u2019URSS \u00e0 l\u2019Ethiopie, de la Chine \u00e0 l\u2019Angola, en passant par Cuba, la Cor\u00e9e du Nord, le Cambodge, l\u2019Afghanistan et tant d\u2019autres nations h\u00e9las, le communisme n\u2019a donn\u00e9 que des tyrannies et des montagnes de cadavres. D\u2019ailleurs, l\u2019\u00e9tude&nbsp;<em>Le livre noir du communisme<\/em>, parue en 1997, admet explicitement que le chiffre de 100 millions de victimes du communisme est une estimation basse.<\/p>\n\n\n\n<p>Condamn\u00e9 officiellement par l\u2019\u00c9glise catholique en 1937, et d\u00e9j\u00e0 d\u00e9nonc\u00e9 en 1846 puis en 1878 par les papes Pie IX et L\u00e9on XIII, le communisme demeure l\u2019ennemi du genre humain et des soci\u00e9t\u00e9s civilis\u00e9es. Quant \u00e0 ceux qui soutiennent que \u00ab le vrai communisme n\u2019a jamais \u00e9t\u00e9 appliqu\u00e9 \u00bb, ils se trompent lourdement : partout o\u00f9 cette id\u00e9ologie meurtri\u00e8re s\u2019est impos\u00e9e, sous les formes les plus diverses, elle n\u2019a engendr\u00e9 que des tyrannies sanglantes.<\/p>\n\n\n\n<p>C\u2019est pourquoi, en raison de la nature et du bilan du communisme, et des nouvelles menaces prof\u00e9r\u00e9es publiquement au sein des institutions fran\u00e7aises par un \u00e9lu du PCF, le Mouvement National-Catholique demande par cette p\u00e9tition l\u2019interdiction du Parti communiste fran\u00e7ais et de toute organisation se r\u00e9clamant du communisme.<\/p>\n","protected":false},"excerpt":{"rendered":"<p>Une p\u00e9tition \u00e0 signer ici : https:\/\/c.org\/jgvryLrffQ Voici le texte de pr\u00e9sentation de la p\u00e9tition : \u00ab Monsieur<\/p>\n","protected":false},"author":1,"featured_media":0,"parent":0,"menu_order":0,"comment_status":"closed","ping_status":"closed","template":"","meta":{"footnotes":""},"class_list":["post-6642","page","type-page","status-publish","hentry"],"_links":{"self":[{"href":"https:\/\/www.brunohirout.biz\/index.php\/wp-json\/wp\/v2\/pages\/6642","targetHints":{"allow":["GET"]}}],"collection":[{"href":"https:\/\/www.brunohirout.biz\/index.php\/wp-json\/wp\/v2\/pages"}],"about":[{"href":"https:\/\/www.brunohirout.biz\/index.php\/wp-json\/wp\/v2\/types\/page"}],"author":[{"embeddable":true,"href":"https:\/\/www.brunohirout.biz\/index.php\/wp-json\/wp\/v2\/users\/1"}],"replies":[{"embeddable":true,"href":"https:\/\/www.brunohirout.biz\/index.php\/wp-json\/wp\/v2\/comments?post=6642"}],"version-history":[{"count":3,"href":"https:\/\/www.brunohirout.biz\/index.php\/wp-json\/wp\/v2\/pages\/6642\/revisions"}],"predecessor-version":[{"id":6648,"href":"https:\/\/www.brunohirout.biz\/index.php\/wp-json\/wp\/v2\/pages\/6642\/revisions\/6648"}],"wp:attachment":[{"href":"https:\/\/www.brunohirout.biz\/index.php\/wp-json\/wp\/v2\/media?parent=6642"}],"curies":[{"name":"wp","href":"https:\/\/api.w.org\/{rel}","templated":true}]}}